+ 6. Give r(o).
-10
Let k(d) = 6*d**2 + 7*d + 6. Let j(o) = o**2 + 1. Let l(r) = -5*j(r) + k(r). Let n(f) = -f**3 - 7*f**2 - 4*f + 6. Let b be n(-6). Give l(b).
-5
Let c(v) = -33 + v**3 + 4*v**2 + 2*v + 0*v**2 + 33. What is c(-3)?
3
Let h be -2*((-2)/6 + 65/(-30)). Let q(f) = 21*f - 31. Let x(c) = -4*c + 6. Let t(r) = 2*q(r) + 11*x(r). Determine t(h).
-6
Let t(v) = -11*v**2 - 13. Let s(b) = 5*b**2 + 6. Let c(x) = -9*s(x) - 4*t(x). Calculate c(2).
-6
Let k(f) = -4*f**2 - 2*f + 1. Let l = 9 - 4. Suppose 0 = -3*q + l*w - 8, -12 = q + q - 5*w. Let u be q/6*(-6)/(-4). Determine k(u).
-5
Let y(d) be the second derivative of d**5/20 + d**4/4 - d**3/3 - 2*d**2 + 17*d. What is y(-3)?
2
Let s(d) be the second derivative of d**4/12 - d**3/6 - 9*d**2/2 - 32*d. What is s(0)?
-9
Let x(d) = -d**3 + 7*d**2 - 5*d - 3. Suppose 5*q + 38 = 3*p, 7*q - 24 = -2*p + 10*q. What is x(p)?
3
Suppose 7*n + 32 + 3 = 0. Let c(i) = -5*i**2 - 4*i. Let k(q) = -6*q**2 - 4*q - 1. Let g(l) = -5*c(l) + 4*k(l). Give g(n).
1
Suppose 3*z = 8 - 2. Suppose -2*d - z*d - 4 = 0. Let n(k) = -k**3 - k**2 - 2*k - 1. Calculate n(d).
1
Let d(m) = 4*m - 16. Let u(a) = -a + 5. Let q(i) = -5*d(i) - 16*u(i). What is q(-1)?
4
Let l(f) = f - 3*f + 0 - 2. Let b(c) = c - 9. Let j be b(5). Calculate l(j).
6
Let g be 2/3 - 28/(-21). Let z(t) = 4 - t - 3 + t**3 + 0*t**g + t**3 + 2*t**2. Determine z(-2).
-5
Let w(o) = 5*o**2 + 6*o - 1 - o**2 - 3*o**2 - 2*o**2. Calculate w(7).
-8
Let z(u) = -2*u + 4 - u + 2*u. Calculate z(4).
0
Suppose 0 = -4*w - 0*w - 20, 5*k - 25 = 2*w. Let a(i) = -k - i - 2*i**2 - i**3 - 3*i**2 - i - i. What is a(-4)?
-7
Let c(b) = b**2 + 7*b + 6. Let w(k) = -k**2 + 3*k + 5. Let q be w(5). Let n be c(q). Let g(o) = -1 - 3 - 1 - 2*o. Calculate g(n).
3
Let t(k) = 2*k + 2. Let n be t(1). Suppose 0*f - n = f, -12 = 2*j + 2*f. Let b(z) = -z**2 + 2. What is b(j)?
-2
Let c(m) be the first derivative of 9*m**4/2 + m**3/3 - m + 28. Calculate c(-1).
-18
Let b(a) = 3*a**2 - 1. Let k = 2 - -3. Let n be 5/k*(-1 + 2). Determine b(n).
2
Let v(c) = -c**2 + 2*c**2 + 2*c - 1 + c. Let d(i) = -1. Let b(l) = 3*d(l) - v(l). What is b(-2)?
0
Suppose 0 = -b - 2*t - 5, 3*b - 3*t - 2 = 10. Suppose -3*y + y = q - 13, y + b = q. Let l(r) = r - 4. Determine l(q).
1
Let i(u) = 31 - u - 57 + 29. Give i(4).
-1
Let b(n) be the first derivative of -n**3 + n**2 - n + 1. Give b(2).
-9
Suppose -5*n = -14 + 39. Let a(y) = -y**2 - 7*y - 2. Calculate a(n).
8
Let b(c) be the first derivative of c**4/4 + 4*c**3/3 - 5*c**2/2 + 4*c + 5. Give b(-5).
4
Let b(v) = -v**2 + 4*v - 4. Suppose -16 = -3*n - n. Suppose -n*h = 2 - 18. Calculate b(h).
-4
Let f(w) = -4*w + 88. Let l be f(23). Let d(i) be the third derivative of 0 + 0*i - i**2 - 5/6*i**3 - 1/24*i**4. Determine d(l).
-1
Suppose -2*a + 4*d = -0*a - 2, 0 = -4*a + d - 31. Let x(p) = 7*p + 5. Suppose 8*u - 47 = -15. Let c(r) = 3*r + 2. Let g(l) = a*c(l) + u*x(l). What is g(-2)?
0
Let q(a) be the third derivative of -a**6/120 - a**5/20 + a**4/12 + 18*a**2. What is q(-2)?
-8
Let p = 12 + -8. Let w(d) = -6*d**2 - 2*d + 5. Let n(b) = 5*b**2 + b - 5. Let s(z) = 5*n(z) + 4*w(z). Let l be s(p). Let u(q) = -q**2 - 1. Determine u(l).
-2
Suppose 2*o + 13 = 5*d, -4*o - 3*d = -6*d + 5. Let b(j) = -12*j**3 - j + 1. Give b(o).
-12
Let y(i) = -3*i**3 + 2*i**2 + 0*i - 5*i + 4*i. What is y(1)?
-2
Let i(a) be the first derivative of -a**4/24 + a**3/6 + a**2 - 6. Let v(m) be the second derivative of i(m). Give v(3).
-2
Let l(j) be the first derivative of -1/3*j**3 + 0*j**2 - 2 + 4*j. Let i be (5 - -1)*7/14. Give l(i).
-5
Let n(f) be the second derivative of -f**4/6 - f**3/6 + f**2 - 2*f. Give n(-2).
-4
Let m be (1/5)/((-1)/(-5)). Let l(g) = -4*g**3 - g**2. Give l(m).
-5
Suppose -2*f + 5*y - 25 = 0, 3*f - 3 = -3*y + 12. Let a(z) = z - 4. Calculate a(f).
-4
Let d(w) = 6 + 70*w - 72*w - 1. Calculate d(6).
-7
Let i(h) be the third derivative of -h**5/60 - h**4/6 + 5*h**3/6 + 10*h**2. Determine i(-4).
5
Let a = 2 + 0. Let v(d) = 3*d**3 + 3*d**2 + 4*d - 2. Let m(r) = -r**3 - r. Let s(t) = -5*m(t) - v(t). What is s(a)?
8
Let x(z) be the second derivative of -3*z - 1/12*z**4 + 0 - 2/3*z**3 + z**2. Determine x(-4).
2
Suppose 0 = -2*f - 2 + 8. Suppose -f*g + 16 = g. Let s(w) = -w**2 + 5*w - 2. Give s(g).
2
Suppose -2*f - 14 = 4*z, -f + z = -6 - 2. Suppose f*a + 8 = a. Let h(p) = -2*p - 6. Give h(a).
2
Let v(u) = -2*u + 9. Let n(j) = -2*j + 10. Let p(o) = 6*n(o) - 7*v(o). Let d(f) = -3*f + 4. Let t(m) = -5*d(m) - 8*p(m). Calculate t(-4).
8
Let p be -3*(30/9)/(-2). Let v(g) = -6*g**3 + 11*g**2 - 10*g - 3. Let b(t) = 7*t**3 - 12*t**2 + 11*t + 3. Let l(u) = p*b(u) + 6*v(u). What is l(5)?
-3
Let c(d) = 4*d + 1. Let f(i) = -3*i - 1. Let y(z) = 5*c(z) + 6*f(z). Determine y(3).
5
Let c(j) = 17 + j + 0*j - 2. Let n be c(-10). Let y(h) be the first derivative of -h**3/3 + 2*h**2 - 2*h - 1. Give y(n).
-7
Let n(l) = 1 - 6 + 16*l - 14*l. Determine n(7).
9
Let l(c) = 3*c + 2. Let g be l(-2). Let y(f) = 4*f - 2 - 7*f + 0*f**2 - f**2. What is y(g)?
-6
Let g be -6 - 8/(0 + 4). Let i(d) = -d**2 - 5*d + 8. Calculate i(g).
-16
Let f(u) be the first derivative of u**3/3 - 2*u**2 - 1. Let o be 6/(-24) - 2/(-8). Suppose 2*m - 4*k = 10, o*m = m - 5*k - 5. Calculate f(m).
5
Let h(j) = -j - 1. Let u(w) = 28*w + 14. Let l(g) = -14*h(g) - u(g). Calculate l(2).
-28
Let g(s) = -11*s**2 + 10*s + 8. Let k(u) = 20*u**2 - 19*u - 15. Let z(f) = -11*g(f) - 6*k(f). Suppose 0 = 4*q + 3 + 9. Calculate z(q).
-1
Let u = 7 + -13. Let g(v) = -v + 1. Let b(k) = 8*k. Let p(w) = u*g(w) - b(w). Give p(-6).
6
Let d = -21 + 28. Let c(m) = -14*m - d*m**2 + 14*m. Calculate c(1).
-7
Suppose 5*p - 10 = 5. Let i(s) = 7*s**3 + 3*s**2 - s**2 - 8*s**3 + 2*s**2. Give i(p).
9
Let l(u) be the third derivative of 0*u**3 - 1/24*u**4 + 0*u + 1/60*u**5 + 9*u**2 + 0. Calculate l(2).
2
Suppose 7 = u + 3. Let w(y) = 2*y**2 + 3 - 2*y**2 + 2 + u*y + y**2. What is w(-4)?
5
Let r = 65 + -65. Suppose 9 = -4*h - 11. Let w = h - r. Let s(c) = -3*c - 7. Give s(w).
8
Let x(u) be the second derivative of -u**4/24 - 2*u**3/3 + 5*u**2/2 + 2*u. Let i(o) be the first derivative of x(o). Calculate i(4).
-8
Let b(a) = a + 1. Let q = 13 - 4. Let y = 5 - q. Give b(y).
-3
Let q(x) = -2*x - 3. Let y = -7 - -10. Determine q(y).
-9
Let b = 4 + 1. Let h(f) = f**2 - 7*f - 1. Give h(b).
-11
Let f(t) = -11*t. Let i(o) = -17*o. Let b(a) = -8*f(a) + 5*i(a). Suppose -4 = 3*n - n, -3*r + 3*n = -15. Calculate b(r).
9
Let m(a) = 2*a**2 - 11*a - 3. Let c(u) = -10*u**3 - 2*u - 1. Let r be c(-1). Let o(x) = x**2 - 6*x - 2. Let p(l) = r*o(l) - 6*m(l). What is p(-3)?
-13
Suppose 2*c + 10 + 2 = 0. Let r(k) = -3*k + 6. Let a(q) = -3*q + 5. Let d(w) = c*a(w) + 5*r(w). Give d(-2).
-6
Let g(l) = 2*l**2 + 3*l. Let k be (2/(-6))/((-4)/12). Let h = k - 3. Calculate g(h).
2
Let t(o) be the third derivative of -o**6/120 - o**5/12 - o**4/12 + 9*o**2. Give t(-5).
10
Let h = -1 - -2. Let r(b) be the third derivative of 0 + 1/60*b**5 + 4*b**2 + 0*b - 1/24*b**4 + 0*b**3. Give r(h).
0
Let d(a) = -a**2 - 7*a - 4. Let p be d(-6). Let b(f) = f**2 - 7*f**p + 3*f**2 - f. Give b(1).
-4
Let o(q) = q**2 + q - 1. Let r = -30 + 31. Calculate o(r).
1
Let x be (-10)/6*-1*3. Let g = 33 + -29. Let z(i) = i + 0*i - g*i + x. Give z(4).
-7
Suppose 48 = 4*s - 0*s. Suppose 0*o = -4*o + s. Let i(r) = -3*r**2 + 2*r**o + 9*r**2 - r - r**3. Calculate i(-6).
6
Let c = -5 - -8. Suppose -c*b - 4*y = 8, -b - 16 = 2*b - 4*y. Let a(j) be the third derivative of -j**5/60 - j**4/6 + j**3/6 + 3*j**2. Calculate a(b).
1
Let r(j) be the first derivative of -j**4/4 - j**2/2 - 3. Let g(o) = 5*o**3 - 2*o**2 + 2*o - 4. Let z(h) = -g(h) - 4*r(h). Give z(3).
1
Let h(o) = -o**3 + 4*o**2 - 1. Let q(d) = d**3 + 4*d**2 - d - 2. Suppose v + n + 12 - 4 = 0, 0 = -4*v - 2*n - 24. Let m be q(v). Determine h(m).
7
Let u(q) be the second derivative of q**3/6 - 2*q**2 + 2*q - 33. Give u(-5).
-9
Let n(f) = f**3 - 4*f**2 - 3*f - 1. Suppose 5*z = 2*m - m + 24, 4*z + 2*m - 22 = 0. Calculate n(z).
9
Let y(u) = u**3 - 5*u**2 + 6*u - 5. Let k = -7 + 11. Let h be y(k). Let f(n) = -5*n**3 + n + n**2 - 3*n**2 + h*n**2. Give f(-1).
5
Let v(s) = s**3 - s**2 - 4*s - 1. Let i be v(3). Suppose i*n = -28 + 3. Let j(u) = -u - 4. Give j(n).
1
Let v(c) be the third derivative of -c**5/60 + c**